 be the third derivative of d**6/120 - 13*d**5/30 - 5*d**4/6 - 17*d**3/2 + 191*d**2. Let h be u(27). Calculate the greatest common factor of 3 and h.
3
Let t be 172/6 + 3/2*340/(-765). What is the greatest common divisor of t and 4564?
28
Suppose -s = 2*k - 23, -k + 2 - 76 = -4*s. Let d = -376 - -372. Let p(c) = -8*c + 6. Let y be p(d). What is the greatest common divisor of s and y?
19
Suppose -767*t + 16260 = -752*t. Calculate the highest common factor of t and 4.
4
Let p = -4588 - -4592. Let x = 11 + 25. Calculate the greatest common factor of p and x.
4
Let x = 61929 + -61914. Let j be -1*1 - 11*-1. What is the highest common factor of x and j?
5
Suppose -4*h - 5*m = -55, h - 16 + 5 = -4*m. Suppose -4*n = -1619 - 1. Calculate the greatest common divisor of n and h.
15
Suppose 10 = 2*u + 4. Let i = -52 + 92. Suppose i = q - u*a, -3*q - 4*a + 64 = a. Calculate the highest common factor of q and 4.
4
Let r(o) = -1 - 22*o**2 + 758*o**3 - 11 - 760*o**3 + 3*o. Let m be r(-11). Let a = -41 - m. Calculate the highest common divisor of a and 28.
4
Let c = 119 + 365. What is the highest common divisor of 28 and c?
4
Let b(l) = -l**3 + 7*l + 13. Let g be b(-3). Let p be ((-10)/6)/(-3*(-9)/(-7695)). Calculate the greatest common divisor of p and g.
19
Suppose 4*o = 2*w + 7*o - 112, 3*w - 126 = -o. Let y = 56 - 37. What is the highest common divisor of y and w?
19
Suppose 282*r - 109864 - 27643 = 2083. Let m be 4/2 + 51 + 2. Calculate the highest common factor of r and m.
55
Let l(w) = w**3 + 17*w**2 + 29*w + 17. Let h be l(-13). Let v = h - 231. What is the greatest common divisor of 17 and v?
17
Let h = -384 + -141. Let i = h - -765. Let m be (((-96)/10)/2)/((-96)/i). Calculate the greatest common factor of m and 192.
12
Let y be (-9)/(-24) - (-29739)/184. What is the greatest common factor of y and 171?
9
Suppose -80*f + 237 = -84 - 319. Calculate the greatest common divisor of f and 372.
4
Let i = -8374 - -9150. What is the highest common factor of i and 64?
8
Suppose -6750 = 7*z + 5*z - 42*z. What is the greatest common divisor of 5025 and z?
75
Let v = 5 + 5. Suppose -i + 20 = 2*y + 3*i, 3*i - 20 = -2*y. Let a be (-15)/(-1 - 1 - (-15)/y). What is the highest common divisor of a and v?
10
Let b(x) = -16*x**3 - 2*x**2. Let o be b(2). Let y = o + 73. Let z = y - -99. What is the highest common divisor of 288 and z?
36
Suppose -5*s + 4*b = -637, -5*s + 1078 = -b + 420. Let d = 10 + -3. What is the greatest common factor of s and d?
7
Let m = -54 + -68. Let g = 134 + m. Calculate the greatest common factor of g and 240.
12
Let q(r) = 21 + 25 - r + 6 - 13. Suppose 21 + 27 = 4*p. Let u be q(p). What is the greatest common factor of 18 and u?
9
Let z be 70806/114 - (-170)/(-1615). What is the highest common factor of 36 and z?
9
Suppose 6*k = -3*d + k + 37, 0 = 5*k - 25. Suppose 0 = z - d*i - 84, 4*i = -3*z + 83 + 89. What is the greatest common factor of 16 and z?
16
Suppose 0 = -2*m + g + 14, 0 = 2*m - 318*g + 323*g + 10. What is the greatest common factor of m and 320?
5
Suppose -7*s + 6*s = -3*o + 78, -s = -5*o + 132. Calculate the highest common factor of 1863 and o.
27
Let f be (-205)/(-10) + -1 - 7/(-14). Let w = 1110 + -610. Calculate the highest common factor of w and f.
20
Let q be 2914/9 + 2/9. Suppose q = 16*d - 12*d. What is the highest common divisor of d and 18?
9
Let f(m) = -8*m**3 + 344*m**2 + 34*m + 22. Let n be f(43). Calculate the highest common divisor of 56 and n.
28
Let v(j) = 14*j**2 - 453*j - 67. Let i be v(43). Calculate the highest common factor of 20 and i.
20
Let q(n) = n**2 + 35*n + 52. Let d(l) = 3*l**2 + 68*l + 104. Let v(s) = -2*d(s) + 5*q(s). Let b be v(40). Calculate the highest common divisor of b and 9.
3
Suppose -754*s + 3696 = -740*s. Calculate the greatest common factor of 336 and s.
24
Let w(z) = -z**3 - 7*z**2 + 617*z - 35. Let y be w(-29). What is the highest common divisor of 126 and y?
14
Let l be 7/3 - (-10)/(-30). Suppose -n + 137 = -y + 2*y, -5*y + l*n + 671 = 0. Let h = -63 + y. What is the greatest common factor of h and 9?
9
Let p = -721 + 841. Let i be -2 + (-1 - 2 - -50). Calculate the highest common divisor of i and p.
15
Let z(o) = -2*o**3 + 9*o**2 + 21*o - 92. Let d be z(4). What is the highest common divisor of 508 and d?
4
Let j(l) = -7*l**3 - 8*l - 20. Let i be j(-6). Suppose -12*o = -19*o + i. Calculate the highest common factor of o and 40.
20
Suppose 7440 = -92*v + 402*v. Calculate the greatest common divisor of 1650 and v.
6
Suppose 0 = -3*s - 11 + 14. What is the highest common divisor of s and 121?
1
Suppose -3*u + 5*i + 4762 = 0, -3*i + 302 = 2*u - 2841. Suppose u = 3*o + 445. Suppose -4*w + o = 2*w. What is the highest common factor of 7 and w?
7
Suppose -15*r + 17979 = -12441. Calculate the greatest common factor of r and 132.
12
Let y(a) = 68*a**2 + 49*a + 175. Let r be y(-3). Calculate the greatest common factor of r and 10.
10
Let w(r) = r**3 - r**2 - 3. Let g be w(4). Let t be (-123)/6*(-16 - -12). Suppose -180 = -92*k + t*k. What is the greatest common factor of k and g?
9
Let k(u) = -u**2 - 3*u + 6. Let c be k(3). Let a be 2/(-6)*c + (-1 - -4). What is the highest common factor of a and 140?
7
Suppose 4*z - 861 - 1443 = 0. Suppose -474 = u - z. What is the greatest common divisor of 238 and u?
34
Suppose 3*i - 1122 = -2*v + 5588, i - 2241 = -5*v. What is the highest common factor of i and 129?
43
Suppose -259*l + 55728 = 33178 - 109540. Calculate the greatest common factor of l and 4488.
102
Suppose -276*j + 281*j = 175. Let y(u) = -4*u**2 - 36*u + 15. Let m be y(-9). Calculate the highest common divisor of j and m.
5
Suppose 443 + 682 = 5*c. Let a(k) = -349*k + 701*k + 5 - 6*k**2 - k**3 - 365*k. Let n be a(-4). Calculate the greatest common divisor of c and n.
25
Let p(z) be the second derivative of 3*z**5/20 - 2*z**4/3 - 5*z**3/3 + 3*z**2 - 147*z. Let d be p(4). Calculate the highest common divisor of d and 210.
30
Let p = 75 - -310. Let u = -468 + -7. Let h = u - -510. Calculate the greatest common divisor of h and p.
35
Let o(t) = 6*t**2 - 91*t + 1809. Let l be o(27). What is the highest common divisor of 1518 and l?
138
Let v(q) = -9*q + 9. Let u be v(-4). Suppose -3*t + 8 = -4, 3*r - 119 = 4*t. Calculate the highest common factor of u and r.
45
Let s(r) = r**2 - 2*r - 57. Suppose -90 = -0*b - 10*b. Let m be s(b). Calculate the highest common factor of m and 21.
3
Let t be 3 + ((-2)/(-4))/(64/339072). What is the highest common divisor of 507 and t?
39
Suppose -z - 5*g + 3187 = -3748, -z = 2*g - 6947. Suppose -z + 2363 = -16*w. What is the highest common factor of 7 and w?
7
Let w = -34 + 37. Suppose -4*t - 4*d = -36, 4 = -4*d + w*d. Let a(l) = -l + 31. Let z be a(t). Calculate the highest common factor of 18 and z.
18
Suppose q + 4*w = 3*w + 364, 716 = 2*q + 5*w. What is the greatest common divisor of q and 529?
23
Let w(l) = 11*l**2 + 297*l - 126. Let h be w(-30). What is the highest common divisor of 675 and h?
27
Let p be (8 - -1)*(16 - 5). Suppose -4*d = -7*d + p. Let u = -74 - -85. What is the greatest common factor of d and u?
11
Suppose 10 = -y - 4*y, 0 = 4*k - 3*y - 66. Let u be (-1*32/6)/((-8)/12). Suppose -u*n = -203 - 637. What is the highest common divisor of n and k?
15
Suppose -22 = -4*k - 5*x + 66, 0 = k + 3*x - 29. Let b be 1 - (-2 + 1/(1/(-150))). What is the greatest common divisor of k and b?
17
Suppose 74*q - 69*q - 92 = 2*n, 5*q + n - 134 = 0. Let o be (24/14)/((-1)/(-56)). What is the greatest common factor of q and o?
24
Suppose -5*r = -4*r - 5*m - 45, -2*m = 3*r - 135. Calculate the highest common factor of 2055 and r.
15
Let w = -40 - 20. Let j = 180 + w. Suppose -b - 2*o + 5*o + 6 = 0, -2*b + 3*o = -21. Calculate the highest common factor of j and b.
15
Let r(j) = 70*j + 180. Let g be r(2). What is the greatest common divisor of g and 90?
10
Suppose -298*b - 3*w = -293*b - 57, -4*b + 4*w = -20. What is the greatest common factor of 375 and b?
3
Suppose -5*q + 28 = y - 43, -2*y + 2 = 0. Suppose -5*n = 5, -3*r - 9*n + q*n + 20 = 0. What is the highest common divisor of r and 145?
5
Let t be 2614/10 - 94/235. Calculate the greatest common divisor of 18 and t.
9
Suppose -7*x = -5*x - 4*s - 440, 0 = 4*x + 3*s - 836. What is the highest common factor 